11
Let f be (-2)/(-2) + -3 + 6. Suppose -2*o = 5*j + 7, 0*j + f = -2*o - 4*j. Suppose -8*s + o*s + 64 = 0. Calculate the greatest common divisor of s and 16.
16
Let y(g) = -2*g**2 + 4*g + 22. Let v be y(0). Calculate the highest common factor of 33 and v.
11
Let x = -30 + 82. What is the greatest common factor of 78 and x?
26
Suppose -2*d + 0 = -164. Let o = d - 42. Let w be 114/14 - 1/7. Calculate the highest common divisor of w and o.
8
Suppose 0 = 2*f + 4*o - 0*o + 16, -5*o = -4*f + 33. Let m(l) = 4*l**2 - 3*l + 1. Let w be m(f). Calculate the highest common divisor of w and 1.
1
Let g be (-4)/(-2) - (1 + -23). Let m = 26 + g. Calculate the greatest common divisor of m and 20.
10
Let l(k) = -k**2 - 4*k - 2. Let j be l(-4). Let w = j - -5. Let o be 3 - 1/((-1)/w). What is the greatest common divisor of 30 and o?
6
Let i = -109 - -133. What is the greatest common divisor of 6 and i?
6
Let g = 10 + -7. Suppose -5*s = -g*s - n - 51, 127 = 4*s + 3*n. What is the highest common divisor of 42 and s?
14
Let x = -19 + 26. Calculate the greatest common factor of 35 and x.
7
Suppose -4*x - 42 = -11*x. Let p(u) = u - 5. Let t be p(0). Let d(q) = 4*q**2 + 8*q + 6. Let a be d(t). Calculate the highest common divisor of a and x.
6
Suppose 2*h - 21 = 3. What is the greatest common divisor of h and 6?
6
Let w(x) = -6*x - 3. Let n be w(-4). Let m(q) = 2*q**2 + 3*q + 1. Let s be m(-2). Calculate the greatest common factor of s and n.
3
Let o = 34 + -28. What is the greatest common factor of 15 and o?
3
Let r be 2 - (-5 - 0)*(-168)/(-70). What is the highest common factor of 70 and r?
14
Suppose -5*t + 2*r + 9 = 0, t - 3*t = 5*r + 8. Suppose -3*s - 3*g + 8 = -t, 5*g = -3*s + 5. What is the highest common divisor of 25 and s?
5
Let d(z) = -z**3 + 23*z**2 + 5*z + 8. Let u be d(23). Calculate the highest common factor of u and 82.
41
Let c(d) = -18*d. Suppose -12 = 2*y - 4. Let h be c(y). What is the greatest common factor of h and 9?
9
Let w be 4/22 - 448/(-77). Suppose 24 = -k + 5*k. Calculate the greatest common factor of w and k.
6
Suppose 0 = 3*y - 14 - 73. Let s be 2/(3 - y/10). Calculate the greatest common factor of s and 180.
20
Let n be 84*((-24)/21 - -2). Calculate the greatest common factor of 8 and n.
8
Let a be 2 - 1 - 22/(-1). Suppose 0 = 3*z - a - 19. Calculate the greatest common factor of 2 and z.
2
Let x be -4*(-1)/3*297/22. Calculate the highest common factor of x and 9.
9
Let i(u) = 6*u - u**3 - u - 5*u + 9 - u - u**2. Let y be i(0). Calculate the highest common divisor of 9 and y.
9
Suppose 4*k - a = -5*a, -2*k + 2*a - 16 = 0. Let o(i) = -3*i. Let m be o(k). What is the greatest common divisor of 24 and m?
12
Let q(f) = 12*f + 14. Let z(v) = -8*v. Let w be z(-1). Let o be q(w). What is the greatest common divisor of 10 and o?
10
Let w(b) = b**3 + 7*b**2 + 2*b - 8. Let x be w(-6). What is the highest common factor of 64 and x?
16
Let q be (-11)/(-9) + (-4)/18. Let b be 3/3 + q - -44. Calculate the highest common factor of b and 115.
23
Let c = -235 - -375. Let m(d) = -d**3 - 8*d**2 + 8*d + 19. Let q be m(-9). What is the greatest common factor of q and c?
28
Let f be (-100)/(-24) + (-1)/6. Suppose -3*w = -4*w - f*m, 9 = 2*w - m. Let j be 4/(w/(-6) - -1). Calculate the highest common divisor of 18 and j.
6
Let h = -11 + 17. Let g = -36 + -57. Let m = -51 - g. Calculate the greatest common factor of m and h.
6
Suppose 3*x - 64 = 56. What is the highest common divisor of 8 and x?
8
Suppose 12 = 4*i - 4. Suppose -g + 0*g + 6 = 0. Let s = g - i. What is the greatest common divisor of 4 and s?
2
Let n(y) = -3*y + 6 - 2*y + 3*y - 3. Suppose -3*d - 8 = k, -d - 12 = -4*k - 5. Let z be n(d). Calculate the greatest common factor of 1 and z.
1
Suppose -3*a + a + 16 = 0. Suppose 0*v + v - 72 = 0. Calculate the greatest common divisor of v and a.
8
Let k be -22*5/(-10) - 0. Calculate the highest common factor of k and 88.
11
Let w = -228 + 338. Let p(j) = -2*j**3 - 2*j. Let m be p(2). Let k be 2/(-4)*(m + 0). Calculate the highest common divisor of w and k.
10
Let a be -2 + 62 - (-6)/(-2). Let o = a - 21. Calculate the highest common divisor of o and 4.
4
Let r = 457 + -711. Let z be 2/(-7) - r/7. Calculate the greatest common divisor of 24 and z.
12
Let t = 2 - -79. Calculate the highest common divisor of t and 9.
9
Suppose -6*i + 360 = -i. Let f = -18 + 26. Calculate the greatest common divisor of i and f.
8
Let f(o) = -o**3 + 21*o**2 + 2*o - 12. Let z be f(21). Calculate the greatest common factor of z and 6.
6
Let n be (-2 + 2 - 5)*-1. Suppose -n*r + 93 = -232. Calculate the highest common factor of r and 13.
13
Let i(b) = -8*b + 8. Let u be i(-9). Calculate the greatest common factor of u and 10.
10
Let m be (-22)/(-44)*1*20. Let r be (76/(-95))/((-4)/m). Calculate the greatest common factor of 14 and r.
2
Suppose 1 = i - 2*i + 2*z, -5*z + 7 = -i. Suppose -i*x + x + 14 = 0. Suppose 37 = o + 2*h, -x = -o - 4*h + 22. What is the highest common factor of 18 and o?
9
Let j = 51 - 12. What is the highest common divisor of 13 and j?
13
Let d(m) = m - 1. Let u be d(8). Let q be (-1 - 1) + 2*3. Suppose q*a + 21 = u*a. Calculate the greatest common factor of 7 and a.
7
Let v(m) = -21*m + 1. Let l be v(-1). Let f = 36 - l. Let g = 11 - -24. Calculate the greatest common factor of g and f.
7
Suppose -5*c + g + 52 = 126, -4*g = -5*c - 71. Let k be (-6)/(-4)*(-80)/c. Let h be (-93)/(-12) + (-1)/(-4). What is the highest common divisor of h and k?
8
Let r be (9 + -89)/((-1)/2). Suppose -f - 14 + 4 = 0. Let c be f*(-2*2)/2. What is the highest common factor of c and r?
20
Let y(k) = k**3 + 12*k**2 + 8*k + 15. Let b be y(-11). Calculate the greatest common factor of 16 and b.
16
Suppose -15 = -5*i - 0*i. Let y(d) = d**2 + 2*d + 1. Let v be y(i). Suppose -v = -2*x - 0*x. What is the greatest common factor of x and 56?
8
Let f be 40/(-3)*204/(-16). Calculate the highest common divisor of 10 and f.
10
Suppose -1394 = -7*q + 370. What is the greatest common divisor of q and 28?
28
Let o = -13 + 9. Let g(z) be the third derivative of z**5/60 + z**4/8 + z**3 + z**2. Let k be g(o). Calculate the greatest common divisor of 20 and k.
10
Let s be (-1*0/(-1))/(-2). Suppose s = 2*x + 2*x + 20. Let a = 19 - x. What is the greatest common factor of a and 36?
12
Suppose 6*b - 299 = 121. Calculate the highest common divisor of b and 10.
10
Let v be (12/(-15))/(1/(-30)). Calculate the highest common divisor of 6 and v.
6
Let c = 59 - -4. Calculate the greatest common divisor of 9 and c.
9
Suppose 0*v - 54 = -3*v. Calculate the greatest common divisor of 45 and v.
9
Let k(b) = -b**2 - 7*b - 2. Let c be k(-6). Let r be (-2 - -1) + 19 + -2. What is the greatest common factor of c and r?
4
Suppose -8 = 3*a - 2. Let r be a/3 + (-80)/(-12). Suppose -3*h = -r*h + 15. Calculate the greatest common divisor of 45 and h.
5
Suppose 10 = -p + 3*p. Suppose 0 = 4*u + z - 55, 3*z + 32 - 2 = u. What is the greatest common divisor of u and p?
5
Let b(n) = -5*n - 13. Let g be b(-5). What is the highest common divisor of 1 and g?
1
Let o(x) = x**2 - 3*x - 4. Let d be o(-5). Let t = d + -15. Let h be t*(19/3 + -3). What is the greatest common factor of 14 and h?
14
Suppose u + 44 = 5*v, 2*v - 47 - 25 = 2*u. Suppose o + 5 = -3*k + 47, 0 = 5*o + 5*k - 230. Let w = o + u. What is the highest common factor of 70 and w?
14
Let q(s) = s + 15. Let l be q(0). What is the greatest common factor of 105 and l?
15
Suppose 4*w - 12 = 3*w. Let t = -3 + 6. Suppose t*r = r + 36. Calculate the highest common divisor of r and w.
6
Let f = 10 - -32. Let u = 15 - 8. What is the greatest common divisor of f and u?
7
Let x be 4/(-6) + 146/(-6). Suppose 2*w - c + 38 = 0, -3*w + 4*c - c = 60. Let s = w - x. Calculate the greatest common factor of s and 49.
7
Suppose 0 = -4*h - 2*r + 88, 0 = -2*r + 11 - 3. Suppose -3*b - 12 = -6*b. Calculate the greatest common factor of h and b.
4
Let n be 11 + -9 - 12/(-2). What is the greatest common factor of n and 16?
8
Suppose 2*h + 3*h = 55. What is the highest common factor of h and 22?
11
Let t = 121 - 83. What is the highest common factor of 19 and t?
19
Let m(g) = g**3 + 7*g**2 - 8*g - 1. Let y be m(-7). Calculate the greatest common divisor of 5 and y.
5
Let f(i) = 3*i - 2. Let 